 x(u).
2
Let k(h) = 19*h - 50. Suppose -f = -4*z - 35, 0*f = -2*f + 2*z + 28. Give k(f).
83
Suppose -12 = -4*g - 28, -4*s - g = -4. Let a(t) = 12*t - 6 + 4 - 4 + 0. Let c(j) = -13*j + 5. Let v(q) = 3*a(q) + 4*c(q). What is v(s)?
-30
Suppose 0 = 2*w + 3 + 3. Let z be ((-3)/(-2))/(w/4). Let g(b) be the first derivative of -b**2/2 - 2*b - 156. Calculate g(z).
0
Let l(f) = 6*f**2 - 14*f + 78. Let c(o) = -5*o**2 + 14*o - 64. Let m(j) = 5*c(j) + 4*l(j). Determine m(11).
25
Suppose -7*v = -9*v + 10. Let t(r) = r**2 - 5*r - 9. Determine t(v).
-9
Let k(b) = -2*b + 36. Suppose 3*i + 2*q = -714 + 759, i - 5*q = -19. Determine k(i).
14
Let d(f) = 34*f**2 + 64*f - 384. Let b(x) = -3*x**2 - 6*x + 36. Let z(h) = -32*b(h) - 3*d(h). Suppose -5*n - 2*v + 1 = -4*v, -3*n + 1 = -v. Give z(n).
-6
Let r(k) = k + 5 - 2 - 2*k**2 + 0. Let n be (-10224)/(-1278) - (2 - 1 - -4). What is r(n)?
-12
Let y = -102 + 104. Suppose -12*k + 9*k = -36. Suppose -5*a - 30 = 5*f, -2*f - 3*a - k = y*a. Let c(x) = -x - 10. Determine c(f).
-4
Let y(b) be the second derivative of -b**3 + 5*b**2/2 + 2*b. Suppose -615 = -49*w - 74*w. What is y(w)?
-25
Let m(s) be the first derivative of -s**4/4 + 11*s**3/3 - 5*s**2 + 5*s + 1. Let l be m(10). Let n(b) = 2*b + l*b - 54 + 54. Calculate n(-1).
-7
Let h(x) = -x**3 + 142*x**2 - 3675*x + 331. Let q be h(108). Let d(n) = 3 - 9 + n - 6. Calculate d(q).
-5
Let s(m) = -4 + 3 - 59 + 28 + 6*m. What is s(10)?
28
Let f(z) = -z**2 - 67*z - 179. Let u be f(-64). Let x(c) = 3*c - 40. What is x(u)?
-1
Let c(n) = -4*n - 7. Suppose 7*i = 4*i - 5*f, 0 = -2*i + f + 13. Let w(z) = 109 - i*z - 96 + 3*z. Let r be w(9). Determine c(r).
13
Let a(t) be the second derivative of t**5/20 - 7*t**4/4 + t**3/3 - 4*t**2 + 23*t - 10. What is a(21)?
34
Let q(s) = -s**3 + 8*s**2 - 11*s - 6. Suppose -6*d - 2*t + 7 = -5*d, 4*d = 3*t + 17. Let h be q(d). Let o(i) = -6 + h - i - 5 - 1. Calculate o(-5).
7
Let s(v) be the third derivative of -v**5/30 - 3*v**4/8 - 7*v**3/6 + 3112*v**2. What is s(-3)?
2
Let p(a) = -6*a + 11. Suppose 21*n - 16*n + 13 = 18*n. Give p(n).
5
Let y(w) = -19*w**2 + 33*w + 237. Let f(c) = -15*c**2 + 33*c + 233. Let p(u) = -5*f(u) + 4*y(u). Give p(-9).
-1
Let l be 62/(-8) - (-18)/24. Let j(k) be the first derivative of -k**4/4 - 7*k**3/3 - k - 686. Determine j(l).
-1
Let o(r) = -331*r - 322*r - r**3 - 19*r**2 - 70 + 959*r - 330*r. Give o(-18).
38
Suppose -5 = 3*z - 8. Suppose 4*k + 5*q = 19, 5*k - 5*q + z = 6*k. Let w(j) = j - 4. Calculate w(k).
2
Let m(d) = -d**2 + 33*d - 250. Suppose 0 = 29392*z - 29416*z + 264. Determine m(z).
-8
Let f(z) = -6*z - 34. Let x be f(-6). Let r(b) = -14 - 2*b + 1 - 1 - b**x - 9*b. What is r(-10)?
-4
Let q be (-22)/(4400/(-180))*(-10)/(-6). Let j(g) be the first derivative of 11 + q*g**2 + 0*g - 1/3*g**3. Determine j(3).
0
Let c(a) be the first derivative of -25*a**4/2 - a**3/3 + a**2/2 + a - 7654. Calculate c(1).
-49
Let z(k) = k - 9. Let p = 4346 - 4353. Determine z(p).
-16
Suppose -99 = -11*d - 0. Let k(v) be the third derivative of v**5/60 - v**4/3 - v**3/2 + 54*v**2. Determine k(d).
6
Let r be (-140)/(-12) + 4/(-6). Let q = -8 + r. Let m(a) = -21 + 19 + 2*a**2 - 3*a - 2. What is m(q)?
5
Let v(n) = 69*n - 21. Let q(x) = -88*x + 21. Let f(l) = 4*q(l) + 5*v(l). Give f(-8).
35
Let r(m) be the third derivative of m**5/20 + 31*m**4/24 - 103*m**3/3 + m**2 - 622*m. Determine r(-15).
4
Let u(d) be the second derivative of -1/6*d**3 + 0 + 5*d + d**2. Suppose 59*q - 22*q + 185 = 0. Calculate u(q).
7
Let s(c) = -c**3 - 13*c**2 + 2*c + 18. Suppose 88 + 59 + 178 = -25*u. Calculate s(u).
-8
Let b(l) be the second derivative of l**6/120 - l**5/15 + 7*l**3/6 + 5*l**2 - 67*l. Let i(d) be the first derivative of b(d). Give i(3).
-2
Let g(b) = 5*b - 6. Let t(y) = 53 + 33 - 85. Let o(c) = -g(c) - 2*t(c). What is o(2)?
-6
Let c(t) = -t**3 - 4*t**2 + 25*t + 8. Let n(q) = -3*q**3 - 7*q**2 + 58*q + 17. Let g(j) = 7*c(j) - 3*n(j). Calculate g(4).
25
Let q be 10 + (9 - (4 - -20)). Let m(d) = -7*d + 3. Let l(v) = -14*v + 6. Let s(j) = -3*l(j) + 5*m(j). What is s(q)?
-38
Let i(m) = 5*m**2 + 19*m - 8. Let y = -7929 + 7925. Give i(y).
-4
Let s = 5 + 1. Suppose 10*p - s = 9*p. Let l(o) = -3 - 21*o + 16*o + p*o. What is l(4)?
1
Let n(v) = -81. Let m(u) = -u - 396. Let k(t) = 4*m(t) - 19*n(t). Determine k(-10).
-5
Let s(c) = -57 - c**2 - 2*c + 12 + 20 + 47. Determine s(-6).
-2
Let w(s) = s**3 + 4*s**2 + s + 6. Suppose -20*g + 2*v = -24*g - 4, 3*g + 4*v = 7. Determine w(g).
12
Let t(n) = -n**3 + 7*n**2 - 5*n - 4. Suppose 4*j + 4*h + 464 = j, 0 = j + 2*h + 152. Let d be -10*((-6)/(-9) + j/6). Let k be 2/(-5) + -4 + d/25. Give t(k).
2
Suppose -15*q - 123 = 9*q + 237. Let g(z) = 6*z + 93. What is g(q)?
3
Let p = 146 - 144. Suppose 4*n - 23 = -b, 10 = p*n - 4*b + 6*b. Let x(z) = 2*z - 2. Calculate x(n).
10
Let i(k) = 2*k**3 + 22*k**2 + 25*k + 59. Let p = -12055 - -12045. What is i(p)?
9
Let f(m) be the second derivative of -13/6*m**3 - 1/20*m**5 + 15/2*m**2 + m**4 + 0 + 205*m. What is f(11)?
-7
Let p(w) = -6*w - 5. Let u = -5 - -3. Let d be p(u). Let q(s) = -11*s + 10*s - 4 - 8 + 5. What is q(d)?
-14
Let i(s) = 20*s**2 - 2*s - 1. Suppose 2*z - 4*z = -10. Suppose -t - 28 = 2*t - 5*h, -z*h = -t - 26. Determine i(t).
21
Suppose 7*u = -176 + 204. Let m(g) = 5*g - 10. Give m(u).
10
Let v = -4117 + 4156. Let q(i) = -9*i + 346. Give q(v).
-5
Let p(d) = -4*d - 4*d**2 + 5*d**3 - d**3 + 7 - 3*d**3. Let k(b) = -12*b - 7. Let w be (((-5)/(-2))/(-5))/((-8)/(-16)). Let n be k(w). Determine p(n).
12
Suppose 179 = 2700*h - 2674*h - 81. Let m(f) = 4*f - 35. Give m(h).
5
Let d(w) = -w**3 - 9*w**2 + 38*w - 17. Let v be 26/(-455) + 544/(-280) + -10. What is d(v)?
-41
Let t(m) be the second derivative of -5*m**4/12 - m**3/6 + 7*m**2/2 + 313*m. What is t(4)?
-77
Suppose -30*t - 48 = -54*t. Let x(w) = -8 + 8*w**2 + 4 + 3 - 20*w**t. Suppose -6*s + 5 = -s. Give x(s).
-13
Let n(s) = -2*s**3 + 187*s - 9*s**2 - 569*s + 196*s + 194*s + 3*s**3 + 10. Give n(8).
10
Let j = -14952 + 14956. Let m(q) = q + 20. Let v(g) = 20. Let x(p) = 5*m(p) - 6*v(p). Calculate x(j).
0
Let q be ((-6)/(-9))/((-3)/9 + (-20)/(-48)). Let i(r) = -2*r**2 + 18*r - 12. What is i(q)?
4
Let r = 78746 + -78737. Let m(u) = u**2 - 5 - u**2 - 8*u**2 - 12*u + u**3. Calculate m(r).
-32
Let s be (-18 + (-11 - -30))/6. Let p(y) be the third derivative of 25*y**2 + 0 - s*y**4 + 0*y + y**3. Determine p(4).
-10
Let r(z) = 7*z - 138. Let w be r(20). Let l(k) = 5*k**2 + 0*k**2 + 4*k**w - 3 + 2*k - 4*k - 4*k**2. What is l(-2)?
21
Let j(y) = -2*y - 1. Let f be j(-1). Let p(d) = 76 - 40 - 37. Let k(a) = a - 11. Let m(x) = f*k(x) + 4*p(x). Calculate m(0).
-15
Let h(z) = -615*z**3 + 610*z**3 - 5*z**2 - 7 - 15. Let n(k) = 6*k**3 + 6*k**2 + 23. Let y(g) = -5*h(g) - 4*n(g). Calculate y(0).
18
Let v be ((-18)/(-24)*-12 - -9)/(-3). Let w(t) be the second derivative of v - 1/12*t**4 + 1/2*t**2 + 5/6*t**3 - 10*t. Give w(4).
5
Suppose 5*h = -5*o + 360, 5*h - o + 215 - 593 = 0. Suppose 0 = 11*s + 4*s - h. Let q(u) = -3*u**2 + 22*u - 16*u - u**3 + 4 + 7*u**2. Determine q(s).
9
Let a(r) = -11*r + 50. Let y(m) = 5*m - 25. Let n(o) = -6*a(o) - 13*y(o). Suppose -4*c - 126 = -5*l, -357*c + 362*c + 13*l - 35 = 0. Determine n(c).
6
Let b(u) be the third derivative of u**4/6 + 85*u**3/6 - 66*u**2 + 11*u. Give b(-26).
-19
Let v(r) = r**2 - 9*r - 19. Let i be v(11). Let w(u) = -u**2 + 4*u - 1. Let s be w(2). Let p(q) = -58*q - i + 57*q + s. Calculate p(-4).
4
Let k = 9 - 14. Let i(t) = 11*t**3 + 7*t**2 - 4*t - 4. Let j(q) = -q**3 + q + 1. Let m(s) = -i(s) - 10*j(s). Calculate m(k).
-26
Suppose -12 = -4*r - 4. Suppose -5*y - 2*g = -7 - 13, -r*g - 16 = -y. Let s(b) = 19*b - 14*b + 1 - y*b. Give s(-5).
6
Suppose -47 = -14*h + 9. Let v(t) = 6*t - 12. Give v(h).
12
Let c(v) be the first derivative of 29 + 1/2*v**2 - 2*v. What is c(4)?
2
Suppose 56 = -3*q + 65. Suppose q*n - 5*t = 28, 3*n + 2*t = t + 16. Let p(w) = 6*w**2 + n*w**3 - 4 - 5*w**3 + 8 + 7*w. What is p(-4)?
8
Let i = 149 - 162. Let l(a) = -13*a**2 + 28*a**2 + 14*a - 14*a**2 + 19. Calculate l(i).
6
Let g(m) = -2*m - 3. Let q = -121 - -94. Suppose o + 132 = -3*o. Let v = q - o. Calculate g(v).
-15
Let u(z) = -z**2 - z - 3. Let n(r) = 5*r**2 + 51*r + 246. Let b(y) = -n(y) - 3*u(y). Determine b(-17).
1
Su